66*q**3 - 4342*q**3 + 3 + 2175*q**3 - 7*q**2 - 4*q. Calculate w(-6).
-9
Let a(j) = -j**2 - 5*j. Let m be a(-5). Suppose 5*g - 6 = 4*d + 12, m = -d - 5*g - 17. Let n(o) = 4*o - 3. Determine n(d).
-31
Let h(b) = -1032*b + 2022*b - 987*b - 56. What is h(15)?
-11
Let p be 3/((-6)/1015) - 1/2. Let y = 513 + p. Let v(a) = -a**3 + 5*a**2 - 2*a + 6. What is v(y)?
-4
Let i(g) be the first derivative of 1/3*g**3 + 9/2*g**2 + 174 + 4*g. Let c be (-8)/6*(-9)/(-2). Determine i(c).
-14
Let y(t) be the second derivative of -t**3/6 - 2*t**2 + 10*t - 10. Let i = 2 + -6. Calculate y(i).
0
Let n(d) = d + 4. Let y be n(-6). Let f(s) = -3 + 28119*s + 28122*s - 56237*s. Let k(g) = 5*g - 2. Let t(i) = y*k(i) + 3*f(i). Give t(5).
5
Let m(r) = -r. Let v(h) = 5*h - 5. Let j(z) = 3*m(z) + v(z). Let w = 47 + -43. Determine j(w).
3
Let b(v) = v**2 + 8*v + 18. Let j = 480 - 487. Calculate b(j).
11
Let t(r) = -4 - 3 + 0 - 5*r - r**2 + 1. Suppose -2*i = h + 325, -141 = 2*i - h + 190. Let v be 1*-8*(-123)/i. Determine t(v).
-12
Let x(w) = 7*w**3 + 83*w**3 - 79*w**3 + w**2 + 2 - 2*w + 10*w**3 - 2*w**2. Give x(1).
20
Let c = 21 - 19. Suppose -3 = 2*u + x, 0 = 4*u - c*x + x + 9. Let t(v) = -3*v + 5 - v**2 + 8 - 5 - 2*v**2 - 11. Determine t(u).
-9
Let n(x) = 4*x**3 + 5*x**2 - 14*x + 13. Let j(r) = -21*r**3 - 27*r**2 + 72*r - 65. Let u(q) = 3*j(q) + 16*n(q). Determine u(3).
7
Let k(c) = -c**2 + 14*c + 19. Let w be k(14). Let i(m) = m**3 - 20*m**2 + 22*m - 64. Let j be i(w). Let p(z) = z**3 + 8*z**2 + 7*z - 8. Give p(j).
-8
Let m(k) = 5*k - 50. Let d(f) = 46*f**2 - 138*f + 10. Let v be d(3). Determine m(v).
0
Let f(g) = -g**3 - 5*g**2 - 3*g + 1. Suppose -11*t - 25 + 157 = 0. Suppose 5*m = 8*i - t*i + 9, 0 = 3*i - 4*m + 32. Give f(i).
-3
Suppose -3*j + 5 = -31. Suppose 3*h = -3*i - 36, -5*h + 3*i - 32 = -j. Let t(a) = -a**2 - 3*a - 4. What is t(h)?
-32
Let k(u) be the first derivative of -u**2 + 25*u + 301. Calculate k(18).
-11
Suppose z - 9 = -2*s, -23*z = -4*s - 28*z + 33. Let m(k) = 76*k - s - 212*k + 67*k + 68*k. What is m(-9)?
7
Let w(a) be the first derivative of a**4/4 - 2*a**3 + 2*a**2 + 11*a + 138. What is w(4)?
-5
Suppose 5*u + 17 = -5*m - 8, 0 = m. Let j(c) be the second derivative of -c**5/20 - c**4/2 - 2*c**3/3 + 3*c**2 + 73*c. What is j(u)?
1
Let h(w) = 5194*w**2 + 5193*w**2 - 6 - 10388*w**2 - 11*w. Let v = 66 - 76. Calculate h(v).
4
Suppose -111*v + 115*v - 31 = 5*u, -2*u = -v + 10. Let i(l) = 7*l**2 + 19*l + 3. Determine i(u).
9
Let l = -339 + 342. Let u(p) = 0*p + 33*p**3 + 2 + 6*p**2 - 5*p - 1 - 34*p**l. Suppose 0 = d + 4*g + 12, d + 2*d = -4*g - 4. Give u(d).
13
Let b(h) = 2*h**3 - h**2 - 47*h - 33. Let t(k) = k**3 - k**2 - 25*k - 17. Let f(w) = -4*b(w) + 7*t(w). Calculate f(-5).
-2
Let c = 44064 + -44088. Let j(p) = -16*p - 377. What is j(c)?
7
Let p(u) = 8*u - 13. Let i(d) = 2*d**3 + d**2 + 56*d + 6. Let f be i(0). Calculate p(f).
35
Let k(h) be the second derivative of 0 + 1/12*h**4 - 3/2*h**2 - 25*h - 3/2*h**3. Determine k(9).
-3
Let x(u) = u**2 - 12*u + 62. Let t(y) = -y + 21. Let l(c) = 3*t(c) - x(c). Determine l(7).
15
Let z(s) = s**3 + 4*s**2 - 16*s - 9. Let j be z(-6). Let f(o) = -5*o + 15 + j + 6 - 6*o - 39. Give f(3).
-36
Let q(w) = -11*w**2 - 7*w - w**3 - 3*w + 3*w - 2*w + 11. Determine q(-10).
1
Suppose t + 2*p - 8 = -12, 3*t + 4*p = -6. Suppose -3*k + t = -g, 3*k - 4 - 3 = 2*g. Let d(o) = -6*o - 2 - 5 - o**2 + 2. Calculate d(g).
0
Let p(n) = -n - 20. Let z(b) be the first derivative of b**2/2 + 17*b + 142. Let f(o) = 4*p(o) + 5*z(o). Calculate f(-3).
2
Let w(x) = -x**2 + 20*x - 67. Let p be w(3). Let v(q) = -q - 31. Give v(p).
-15
Let v = 74 - 72. Let u(r) = -17*r - 57 + 23 + 15 - r**v. What is u(-16)?
-3
Let f(d) = -d**3 - 2*d + 1. Let a be ((-2)/10)/(5/(-25)). Let b be f(a). Let h(c) = 5*c**3 + c**2 + 5*c**3 + 0 - 8*c**3 - 2*c + 0 - 1. Calculate h(b).
-9
Suppose -22 = -z + 4*g, 5*g - 98 = -2*z - 106. Let y(p) = -p**3 + 12*p**2 - 39*p + 8. Give y(z).
-10
Let v = 211 + -209. Suppose 64 = -6*i - v*i. Let m(l) = l + 18. Determine m(i).
10
Suppose -4*r = 4*s - 4, 0 = 3*s + s + 5*r - 2. Let w(q) = -6 - 3*q**3 + 2*q**s + 17. Suppose 0 = 234*v - 303*v. What is w(v)?
11
Let f(m) = -m + 11. Let r(v) = v**3 + 7*v**2 - v - 8. Let d be r(-7). Let y(s) = -1. Let k(o) = d*f(o) - 3*y(o). Let q = -6520 - -6520. Give k(q).
-8
Let d(r) = -r**3 - 2*r**2 - 3*r. Let f(t) = -2*t**3 - t**2 - 11*t - 2. Let y(c) = 3*d(c) - f(c). What is y(-5)?
-8
Suppose -5*f + 21 = 2*x - 17, -3*x = 4*f - 71. Let y be 6/5 + x/5. Let u(g) = g**2 - 7*g - 5. What is u(y)?
-5
Let g(n) be the second derivative of -7*n**3/6 - 3*n**2 + n. Let a(y) be the second derivative of 7*y**3/3 + 54*y**2 + 89*y - 1. Let p be a(-8). Calculate g(p).
22
Let r(h) be the first derivative of -5*h**3/3 + 13*h**2 + 273. Determine r(5).
5
Let x(o) be the first derivative of 49 + 9/2*o**2 - 4*o. Give x(3).
23
Suppose 0 = 2*r - 17*p + 13*p - 36, -5*r = 5*p - 30. Let j(m) = -m**2 + 6*m + 51. Give j(r).
11
Let a = -125 - -126. Let v(o) = -2*o + 3. Let w(x) = -x + 1. Let m(t) = 3*v(t) - 5*w(t). Let d(f) = f - 3. Let g(h) = -4*d(h) - 3*m(h). Determine g(a).
-1
Let o = -440 + 621. Let x(b) = b + o*b**2 - 2*b + 5 - 180*b**2. Give x(5).
25
Let x be (-1 - -1)/(6/6). Let t be 6/(-2)*2/(-3). Let o(d) = 8*d + 18 + d**t - 8*d. Determine o(x).
18
Let y be (-2 + 2 + 5)*-1. Let i be (-16 - 4)/y + -3. Let l(o) = -2*o - 5*o + 1 + 0*o. Calculate l(i).
-6
Let v be 117/12 - (-6)/24. Let l(z) = -v*z + 7*z - 9*z - 4 + 24*z - 10*z. Calculate l(4).
4
Let z(q) = -3*q + 6. Suppose 3*v = -2*v - 220. Let g = 559 + -599. Let r = g - v. Determine z(r).
-6
Let p(l) = -l**3 + 15*l**2 - 8*l + 6. Let m(y) = -y**2 + y + 1. Let i(s) = -6*m(s) - p(s). Suppose -41 = -4*w - 5. Calculate i(w).
6
Let h(a) = -4*a - 7*a**2 - a**3 - 4 + 1 + a**2. Let d(g) = -g**2 + 104*g - 773. Let f be d(8). Determine h(f).
-8
Let c(o) = -2262 + 4682 - 2311 - 17*o. Calculate c(6).
7
Let j = -3474 + 3469. Let v(y) = -y**3 - 3*y**2 + 2*y - 4. Give v(j).
36
Let r(d) = -12*d + 2. Let h(j) = -11*j - 39. Let o(a) = h(a) - r(a). What is o(0)?
-41
Let f(y) = -y**3 - 15*y**2 + 20*y + 12. Suppose -3*c - 8 = 5*k + 20, c - 4*k = -32. What is f(c)?
-52
Let a(w) = -3*w**2 + 5*w + 8. Suppose 5*k + 34 = -336. Let d = k + 81. Let u(z) = 4*z**2 - 8*z - 12. Let f(n) = d*a(n) + 5*u(n). Determine f(-5).
-4
Let f(k) be the second derivative of 0 - 1/60*k**5 + 5/3*k**3 - 22*k - 2*k**2 - 7/24*k**4. Let w(m) be the first derivative of f(m). Calculate w(-7).
10
Let r be 36/16*272/(-6). Suppose -315 = -4*c + 81. Let i = c + r. Let u(g) = -3*g**2 + 3*g + 3. Calculate u(i).
-33
Let m(s) = 6*s**2 + 3*s + 8. Suppose -2 = -2*x + f, -2*x + 5*f + 16 + 10 = 0. Calculate m(x).
26
Let p be (-2)/(-12) - 783/(-162). Let h(t) = t**3 - 3*t**2 - 8*t + 11. What is h(p)?
21
Let s(b) = -2*b + 4. Let t be (7/((-7)/(-9)) - 3) + -3. Suppose 9 = -t*d + 27. Calculate s(d).
-8
Let x = 1 - 0. Let j(o) = 125*o + 118*o - 208*o - 36*o. Determine j(x).
-1
Let n(v) = 181 - 24 + 57 - 22*v. Let q be n(10). Let s(g) = -g**2 - 8*g - 4. Give s(q).
8
Let n(u) be the third derivative of -u**5/12 + 5*u**4/24 + 2*u**3/3 - 76*u**2. Give n(-4).
-96
Let o = 10 + -15. Let i(s) = -17374*s**2 - 5*s + 1 + s + 17373*s**2. Let u be i(o). Let q(t) = -t + 1. What is q(u)?
5
Let i(l) be the third derivative of -3*l**4/8 + 29*l**3/2 + 594*l**2 - 2. What is i(10)?
-3
Let m(f) = -1103 + 2199 - 2*f - 1099. Suppose -2*y - 5*o = -12, o + 24 = 4*y + 5*o. Calculate m(y).
-15
Suppose 2*x = -0*x + 18. Let h(p) be the first derivative of p**4/4 - 3*p**3 - p**2/2 - 4*p - 291809. Calculate h(x).
-13
Let v(s) = s**3 - 22*s**2 + 38*s + 40. Let h be v(20). Let m(w) = -6*w**3 - 11*w - w**2 + 4*w**3 + 10*w + w**3. What is m(h)?
0
Let w = 28 + -22. Let q(k) = -k**3 - 13*k - 67*k**2 - 1297 + 75*k**2 + 1306. Give q(w).
3
Suppose a + 3*l + 6 = -10, a = 2*l - 1. Let z(q) = 2*q**2 + 16*q - 5. Give z(a).
-19
Let d(b) = -15*b**3 - 14*b**2 - 21*b - 10. Let f(a) = -5*a**3 - 5*a**2 - 7*a - 3. Let s(l) = 3*d(l) - 8*f(l). Give s(-1).
4
Let s(d) = -d**2 - 10*d + 1340. Let c be s(32). Let a(o) = o**2. Calculate a(c).
16
Let c(b) = -9*b - 6. Let k(j) = -25*j + 48. Let v(d) = 4*c(d) - k(d). Determine v(-7).
5
Let h(m) = -2*m**2 + 8*m + 12. Let l be h(-5). Let x = 81 + l. Let p(i) = -